. Let o be i(-12). Is o/(4/(-262))*-2 prime?
True
Suppose 5*s = 2*s - 5*v + 1562, 5*v = -10. Suppose 7*z - 6*z = 168. Suppose -4*u - z = -s. Is u a prime number?
True
Let i = 7170 + -1981. Is i a composite number?
False
Let f be (6 - 1)*108/30. Let i(z) = 32*z - 19. Is i(f) a prime number?
True
Let z(t) = 5*t**2 - t - 2. Let w(p) = 4*p**2 - p - 1. Let v(d) = -6*w(d) + 5*z(d). Suppose -3*f - 4 = 14. Is v(f) a composite number?
True
Suppose -89032 = -8*i - 1440. Is i prime?
True
Let a(n) = 28*n - 11. Suppose 180 = 9*y + 3*y. Is a(y) a prime number?
True
Suppose 2*u - 25 = -3*u. Let c be 305*(-1)/(-10)*4. Suppose -u*w + c + 473 = 0. Is w composite?
True
Is 0/1 - (-5 - -3 - 255) a composite number?
False
Suppose -33293 = -6*b - 12335. Is b prime?
False
Suppose 74530 = -247*b + 257*b. Is b prime?
False
Let k = -9 + 1. Is 60/3*(-22)/k composite?
True
Let z be ((-109)/2)/((-2)/204). Suppose -g = -i - 4*i + z, -g = 5*i - 5551. Is i a prime number?
False
Let b(o) = -4*o - 14. Let y be b(-4). Suppose -36 - 128 = -y*t. Is t composite?
True
Suppose 0 = -2*l - 4*g + 4806, 5*l - 11971 = 4*g - 3*g. Is l a prime number?
False
Suppose -2*p + 2*d = -332, d = p + 3*d - 151. Is p a prime number?
False
Suppose 2*v + 5*s - 5914 - 2303 = 0, 4*v + 3*s = 16441. Is v composite?
False
Let s = 199 - 42. Suppose -399 = -4*y + s. Is y a composite number?
False
Suppose 4*g = 4*o - 88, o + 3*o - 2*g = 78. Let k = o + -14. Suppose -k*d + 107 = -2*d + 4*s, -4*s - 12 = 0. Is d a composite number?
True
Let w = 46 + -44. Is 116071/171 - w/(-9) composite?
True
Suppose 4*w - 563 - 953 = 0. Is (5 + (-24)/4)/((-1)/w) a composite number?
False
Suppose 5*v - 10536 - 29799 = -5*o, -4*o + 3*v = -32282. Is o prime?
True
Let u = 0 - -5. Suppose u*w - 1138 = 1317. Suppose 2*x = 5*m - 2*x - 807, -x = 3*m - w. Is m prime?
True
Let j(x) = 208*x**2 - 3*x + 7. Let u be j(4). Suppose 3*h + 4*w = 2*h + 655, u = 5*h + 4*w. Is h composite?
True
Let r(a) = 49*a**2 + 33*a - 9. Is r(-10) a prime number?
True
Let o(p) = -65*p**3 - 31*p**2 - 3*p + 40. Let z(y) = 16*y**3 + 8*y**2 + y - 10. Let v(k) = 2*o(k) + 9*z(k). Is v(5) prime?
False
Let m be (16/36)/((-4)/(-18)). Is (m/8)/(3/1668) a prime number?
True
Suppose 0 = 1343*p - 1340*p - 120171. Is p a prime number?
False
Let k = -4132 - -6909. Is k prime?
True
Suppose 0*m + 4*s = -2*m + 14070, 2*s - 35199 = -5*m. Suppose -m + 89 = -8*u. Is u composite?
True
Let l(n) = 2*n - 10. Let c be l(-8). Is (c/39)/(2/(-27)) composite?
True
Let h be -1*(4 - 6) + -4. Is h - (2 - 132) - -3 a composite number?
False
Suppose 54475 = 43*t - 38*t. Is t a composite number?
True
Let b(d) = 2841*d + 87. Let t(j) = 1421*j + 44. Let i(z) = 2*b(z) - 5*t(z). Is i(-5) a prime number?
True
Let w(y) = -169*y + 25. Let s = -11 - -7. Is w(s) prime?
True
Is 4/(40/3965)*2 a prime number?
False
Let v be (-162)/(-3) + (-3)/(-1). Suppose 2*u - 3*d - v - 71 = 0, -4*d = 4*u - 276. Is u prime?
True
Let m(n) = -136*n**3 - 2*n**2 - n - 1. Let t be m(-2). Let j = -174 + t. Is j prime?
True
Let j(n) = 13*n + 113. Is j(6) a prime number?
True
Suppose 5*s - 630 = 5*l, -2*l = -6*s + 2*s + 252. Let i = -30 - l. Suppose -3*m + 18 = -i. Is m a composite number?
True
Suppose 0 = -2*d - w + 9526, 0 = 42*d - 39*d + 5*w - 14275. Is d a composite number?
True
Let n(f) = 11*f + 5. Let d be n(3). Let p = -28 + d. Suppose -11*m + 541 = -p*m. Is m a prime number?
True
Let a = 14 + -12. Suppose a*r = -r + 822. Is r a prime number?
False
Let s be (2 + 8/(-4))/2. Suppose s = 5*t - 6*t - 297. Let f = 508 + t. Is f prime?
True
Let l be 1091/(-2) - (-2)/(-4). Let r = l + 130. Let a = -283 - r. Is a a prime number?
False
Let h(t) = -4*t**3 - t**2 + 2*t - 892. Let q(k) = -k**3 - k**2 + k - 1. Let d(b) = -h(b) + 3*q(b). Is d(0) a composite number?
True
Let c(v) = v**3 + 15*v**2 - 14*v. Let y be c(-16). Let h be 20/(-8)*y/20. Suppose 112 = -h*q + 2060. Is q a prime number?
True
Suppose 7*v + 10539 = 3*p + 4*v, -17561 = -5*p + 3*v. Is p prime?
True
Suppose -8 = 5*t - 23. Suppose 0 = t*m - 4*g - 25, -2*m - 2*g - 2 = -0*g. Suppose 5*l = m*l + 194. Is l composite?
False
Let r(k) = 27*k**3 - 3*k**2 + 8*k - 2. Let i(f) = -26*f**3 + 4*f**2 - 9*f + 3. Let x(u) = -5*i(u) - 6*r(u). Is x(-2) composite?
False
Let u(v) = 20*v - 15 + v**3 + v**2 - 22*v**2 + 9*v**2 + 4*v**2. Is u(14) prime?
False
Is -6 + 1 + (-5)/(5/(-6354)) a prime number?
False
Let y(s) = s**3 + 2*s**2 - 2*s + 1217. Is y(0) a composite number?
False
Let p(o) be the second derivative of -61*o**6/720 + o**5/24 + o**4/3 - 3*o. Let t(u) be the third derivative of p(u). Is t(-6) a composite number?
True
Suppose 8*q + 1941 = 11*q. Suppose 0 = -3*f - 6, h + 384 = -0*h + 2*f. Let t = h + q. Is t a composite number?
True
Let u(t) = -6*t**3 - 8*t**2 - 8*t + 13. Is u(-7) composite?
True
Let w(q) = q**2 + q + 1. Let g(d) = d**2 + d. Let o(b) = 23*b**3 + 6*b**2 + 3*b. Let p(z) = 5*g(z) - o(z). Let m(u) = -p(u) + w(u). Is m(2) composite?
False
Suppose -b = -4760 + 583. Is b composite?
False
Let i(f) = 10*f + 1. Let s be i(0). Let j(p) be the first derivative of 93*p**2/2 + p + 1. Is j(s) a prime number?
False
Suppose 2*q + 23126 = 5*d - 8030, d - 2*q = 6236. Suppose -5*p + 3*v + d = 0, -p - 6250 = -6*p - v. Is p prime?
True
Suppose 136 + 197 = 3*w. Suppose 6*t = 7*t - w. Is t a prime number?
False
Let d = 2 + 13. Is d/(-10)*(-5996)/6 composite?
False
Let f = -4865 + 7456. Is f composite?
False
Let d be (-1)/(0 - 2/(-6)). Let h(x) be the second derivative of -x**5/20 + x**4/6 + 2*x**3/3 + x**2 - 24*x. Is h(d) composite?
True
Let d = -19735 + 44174. Is d a prime number?
True
Let o(x) = -x**3 - 8*x**2 - x - 5. Let j be o(-8). Is 1/(1/(-1)) + (69 - j) a composite number?
True
Let o(k) = 5 - 49*k + 146*k - 25. Is o(9) a prime number?
True
Suppose 5*x - 676 = 69. Let f = x + -10. Is f composite?
False
Let j = 238 + 16. Suppose 0 = 4*g - 16 - 52. Suppose -3*n + j = g. Is n a composite number?
False
Let u be (20 + -2)/(24/176). Suppose x - 4*x = -u. Suppose -2*y + x = -330. Is y a prime number?
False
Let g = -174159 - -321806. Is g a composite number?
False
Let b(f) = 2*f - 2. Let c be b(4). Suppose -2*v - 6 = -4*t - 5*v, -3*v + c = -t. Suppose t = -5*n + w + 810, -2*n + 5*w - 514 = -5*n. Is n a composite number?
False
Let o = -371 - -404. Suppose -5*c + 1 + 4 = 0. Is c*-5*o/(-5) composite?
True
Let g(r) = r**2 - r - 3. Let w be g(0). Let t(v) = -18*v + 3. Let h be t(w). Let i = 220 - h. Is i a prime number?
True
Let j be (-187)/7 - (-2)/(-7). Let f be (-1)/1 - 1 - j. Suppose 3*l + a = 5*a + 2029, 5*a = f. Is l composite?
False
Let s(u) = u**2 + 13*u - 5. Let f be s(-13). Is (f/5 - 3) + 707 a prime number?
False
Let k(l) = 55*l**2 - 2*l - 5. Let f(y) = 3*y**2 + 2*y + 1. Let t be f(-1). Is k(t) a composite number?
False
Is (59 - 61) + -1 + 326 composite?
True
Is ((-42)/9)/(-7)*(-20316)/(-8) prime?
True
Let m be 8/(-60) + (-2886)/(-45) + 2. Let c = 61 + m. Is c prime?
True
Let y(n) = 2*n**2 - 7*n + 7. Let k be y(5). Let f = k - 32. Let t(m) = m**2 + 6*m + 3. Is t(f) prime?
True
Let a(c) = -c**3 + 21*c**2 + 31*c + 43. Is a(21) composite?
True
Suppose p = 6 - 3. Suppose -2*k + 5*k = -p*a + 4122, 3 = k. Is a prime?
False
Suppose -4*a = a - 10. Suppose -3*d + a*o + 10193 = 0, -9128 - 1090 = -3*d - 3*o. Is d a prime number?
False
Let f(w) = 420*w - 7. Let b be 8/(-6)*(-9)/6. Let n be f(b). Suppose -4*g - 3*g + n = 0. Is g prime?
False
Let w(i) = -166*i + 5. Let j be (3 - (-8)/(-4))*1 + -3. Is w(j) a composite number?
False
Let q(m) = -528*m**3 + m**2 + 3*m + 1. Let g be q(-1). Let z = -631 + 945. Let c = g - z. Is c composite?
True
Let h be -3 + 0 + -8 + 13. Suppose -l - 5*k + 165 = 0, h*l - 2*k + 17 = 323. Is l a prime number?
False
Suppose -11 = 4*r - 31. Suppose 33 = -r*i - 57. Let f = i + 653. Is f composite?
True
Let t(v) = -4*v - 34. Let r be t(-11). Suppose r*x = 4*x + 4926. Is x a prime number?
True
Suppose 0 = 13*t - 167306 - 233991. Is t a composite number?
False
Let u = -116 - -184. Suppose 0 = -3*l + 154 + u. Is l a prime number?
False
Suppose 5*r - 340 = 115. Let g = r - -62. Suppose 2*w + g = m, w + 2 = 2*w. Is m prime?
True
Let c be (200/60)/(4/6). Suppose 131 = 4*b - 3*f, 0 = c*b - 2*f - 227 + 58. Is b a prime number?
False
Let i be (33/(-2))/((-10)/900). Suppose -z + 989 = 2